{"id":9523,"date":"2018-08-28T20:20:48","date_gmt":"2018-08-28T20:20:48","guid":{"rendered":"http:\/\/aeroviarios.org.br\/?page_id=9523"},"modified":"2025-10-19T15:24:23","modified_gmt":"2025-10-19T18:24:23","slug":"beneficios_e_servicos","status":"publish","type":"page","link":"https:\/\/aeroviarios.org.br\/index.php\/beneficios_e_servicos\/","title":{"rendered":"Espa\u00e7os para festas"},"content":{"rendered":"<p>A sede do Sindicato tem dois espa\u00e7os para festas, um sal\u00e3o de maior porte e uma churrasqueira com menor capacidade. A agenda de loca\u00e7\u00e3o abre com quatro meses de anteced\u00eancia, sendo que a confirma\u00e7\u00e3o do aluguel s\u00f3 pode ser efetivada presencialmente na sede do Sindicato mediante cau\u00e7\u00e3o, de segunda \u00e0 sexta-feira, das 9h \u00e0s 17h. O mesmo hor\u00e1rio aplica-se para a retirada das chaves.<\/p>\n<p>As festas podem ter dura\u00e7\u00e3o de at\u00e9 5 horas, sendo que nos finais de semanas devem encerrar at\u00e9 \u00e0s 2h, e nos dias \u00fateis at\u00e9 \u00e0 meia noite. Conforme a legisla\u00e7\u00e3o, o barulho depois das 22h deve respeitar a varia\u00e7\u00e3o de 5 decib\u00e9is com rela\u00e7\u00e3o ao ru\u00eddo de fundo (barulho natural da cidade). Locando qualquer um dos dois espa\u00e7os, com utiliza\u00e7\u00e3o das churrasqueiras, o associado tem direito a materiais de uso comum como pratos e talheres. Tanto a churrasqueira quanto o sal\u00e3o de festas contam com o estacionamento do Sindicato, espa\u00e7o que conta com entorno de vinte vagas.<\/p>\n<p>A entidade n\u00e3o se responsabiliza por pertences pessoais e nem com o pagamento de direitos autorais para o Escrit\u00f3rio Central de Arrecada\u00e7\u00e3o e Distribui\u00e7\u00e3o (Ecad).<\/p>\n<h3>Sal\u00e3o de festas<\/h3>\n<p>O sal\u00e3o de festas do Sindicato \u00e9 um espa\u00e7o amplo, com banheiros masculino e feminino, churrasqueiras e \u00e9 equipado com dois freezers horizontais. \u00c9 um espa\u00e7o para at\u00e9 100 pessoas e foi completamente reformado recentemente.<\/p>\n<p><img fetchpriority=\"high\" decoding=\"async\" class=\"aligncenter size-large wp-image-9545\" src=\"https:\/\/aeroviarios.org.br\/wp-content\/uploads\/2018\/08\/IMG_6170-1-1024x683.jpg\" alt=\"\" width=\"702\" height=\"468\" \/><\/p>\n<p><img decoding=\"async\" class=\"aligncenter size-large wp-image-9546\" src=\"https:\/\/aeroviarios.org.br\/wp-content\/uploads\/2018\/08\/IMG_6171-2-1024x683.jpg\" alt=\"\" width=\"702\" height=\"468\" \/><\/p>\n<p><img decoding=\"async\" class=\"aligncenter size-large wp-image-9547\" src=\"https:\/\/aeroviarios.org.br\/wp-content\/uploads\/2018\/08\/IMG_6174-2-1024x683.jpg\" alt=\"\" width=\"702\" height=\"468\" \/><\/p>\n<p><img loading=\"lazy\" decoding=\"async\" class=\"aligncenter size-large wp-image-9548\" src=\"https:\/\/aeroviarios.org.br\/wp-content\/uploads\/2018\/08\/IMG_6177-2-1024x683.jpg\" alt=\"\" width=\"702\" height=\"468\" \/><\/p>\n<h3>Churrasqueira<\/h3>\n<p>A churrasqueira tem capacidade para 30 pessoas e \u00e9 equipada com mesa de sinuca, freezer horizontal e vertical, televis\u00e3o e fog\u00e3o. Este espa\u00e7o \u00e9 reservado para reuni\u00f5es de setores para discutir assuntos de interesse da categoria.<\/p>\n<p><img loading=\"lazy\" decoding=\"async\" class=\"aligncenter size-large wp-image-9531\" src=\"https:\/\/aeroviarios.org.br\/wp-content\/uploads\/2018\/08\/IMG_6164-1024x683.jpg\" alt=\"\" width=\"702\" height=\"468\" \/><\/p>\n<p><img loading=\"lazy\" decoding=\"async\" class=\"aligncenter size-large wp-image-9532\" src=\"https:\/\/aeroviarios.org.br\/wp-content\/uploads\/2018\/08\/IMG_6168-1024x683.jpg\" alt=\"\" width=\"702\" height=\"468\" \/><\/p>\n<h3>Estacionamento<\/h3>\n<p>O Sindicato oferece um amplo estacionamento, com parte coberta e ao ar livre. Na parte coberta, \u00e9 poss\u00edvel a montagem de brinquedos para festas infantis ou a organiza\u00e7\u00e3o de mesas mesmo em dias de chuva. Caso o espa\u00e7o seja utilizado para esses fins, \u00e9 poss\u00edvel estacionar os carros no estacionamento ao lado do Sindicato por um pre\u00e7o especial, atrav\u00e9s de conv\u00eanio.<\/p>\n<p><img loading=\"lazy\" decoding=\"async\" class=\"alignnone wp-image-12032 size-large\" src=\"https:\/\/aeroviarios.org.br\/wp-content\/uploads\/2022\/04\/IMG_6135-1024x683.jpg\" alt=\"\" width=\"702\" height=\"468\" \/><\/p>\n<p><img loading=\"lazy\" decoding=\"async\" class=\"alignnone wp-image-12033 size-large\" src=\"https:\/\/aeroviarios.org.br\/wp-content\/uploads\/2022\/04\/IMG_6140-1024x683.jpg\" alt=\"\" width=\"702\" height=\"468\" \/><\/p>\n<figure id=\"attachment_12034\" aria-describedby=\"caption-attachment-12034\" style=\"width: 702px\" class=\"wp-caption alignnone\"><img loading=\"lazy\" decoding=\"async\" class=\"wp-image-12034 size-large\" src=\"https:\/\/aeroviarios.org.br\/wp-content\/uploads\/2022\/04\/IMG_6152-1024x683.jpg\" alt=\"\" width=\"702\" height=\"468\" \/><figcaption id=\"caption-attachment-12034\" class=\"wp-caption-text\">Estacionamento ao lado do Sindicato possui conv\u00eanio com pre\u00e7os especiais.<\/figcaption><\/figure>\n","protected":false},"excerpt":{"rendered":"<p>A sede do Sindicato tem dois espa\u00e7os para festas, um sal\u00e3o de maior porte e uma churrasqueira com menor capacidade. A agenda de loca\u00e7\u00e3o abre com quatro meses de anteced\u00eancia, sendo que a confirma\u00e7\u00e3o do aluguel s\u00f3 pode ser efetivada presencialmente na sede do Sindicato mediante cau\u00e7\u00e3o, de segunda \u00e0 sexta-feira, das 9h \u00e0s 17h.<\/p>\n","protected":false},"author":4,"featured_media":0,"parent":0,"menu_order":0,"comment_status":"closed","ping_status":"closed","template":"","meta":{"footnotes":""},"class_list":["post-9523","page","type-page","status-publish"],"_links":{"self":[{"href":"https:\/\/aeroviarios.org.br\/index.php\/wp-json\/wp\/v2\/pages\/9523","targetHints":{"allow":["GET"]}}],"collection":[{"href":"https:\/\/aeroviarios.org.br\/index.php\/wp-json\/wp\/v2\/pages"}],"about":[{"href":"https:\/\/aeroviarios.org.br\/index.php\/wp-json\/wp\/v2\/types\/page"}],"author":[{"embeddable":true,"href":"https:\/\/aeroviarios.org.br\/index.php\/wp-json\/wp\/v2\/users\/4"}],"replies":[{"embeddable":true,"href":"https:\/\/aeroviarios.org.br\/index.php\/wp-json\/wp\/v2\/comments?post=9523"}],"version-history":[{"count":1,"href":"https:\/\/aeroviarios.org.br\/index.php\/wp-json\/wp\/v2\/pages\/9523\/revisions"}],"predecessor-version":[{"id":14958,"href":"https:\/\/aeroviarios.org.br\/index.php\/wp-json\/wp\/v2\/pages\/9523\/revisions\/14958"}],"wp:attachment":[{"href":"https:\/\/aeroviarios.org.br\/index.php\/wp-json\/wp\/v2\/media?parent=9523"}],"curies":[{"name":"wp","href":"https:\/\/api.w.org\/{rel}","templated":true}]}}

Espaços para festas

<p>A sede do Sindicato tem dois espaços para festas, um salão de maior porte e uma churrasqueira com menor capacidade. A agenda de locação abre com quatro meses de antecedência, sendo que a confirmação do aluguel só pode ser efetivada presencialmente na sede do Sindicato mediante caução, de segunda à sexta-feira, das 9h às 17h. O mesmo horário aplica-se para a retirada das chaves.</p>
<p>As festas podem ter duração de até 5 horas, sendo que nos finais de semanas devem encerrar até às 2h, e nos dias úteis até à meia noite. Conforme a legislação, o barulho depois das 22h deve respeitar a variação de 5 decibéis com relação ao ruído de fundo (barulho natural da cidade). Locando qualquer um dos dois espaços, com utilização das churrasqueiras, o associado tem direito a materiais de uso comum como pratos e talheres. Tanto a churrasqueira quanto o salão de festas contam com o estacionamento do Sindicato, espaço que conta com entorno de vinte vagas.</p>
<p>A entidade não se responsabiliza por pertences pessoais e nem com o pagamento de direitos autorais para o Escritório Central de Arrecadação e Distribuição (Ecad).</p>
<h3>Salão de festas</h3>
<p>O salão de festas do Sindicato é um espaço amplo, com banheiros masculino e feminino, churrasqueiras e é equipado com dois freezers horizontais. É um espaço para até 100 pessoas e foi completamente reformado recentemente.</p>
<p><img fetchpriority="high" decoding="async" class="aligncenter size-large wp-image-9545" src="https://aeroviarios.org.br/wp-content/uploads/2018/08/IMG_6170-1-1024x683.jpg" alt="" width="702" height="468" /></p>
<p><img decoding="async" class="aligncenter size-large wp-image-9546" src="https://aeroviarios.org.br/wp-content/uploads/2018/08/IMG_6171-2-1024x683.jpg" alt="" width="702" height="468" /></p>
<p><img decoding="async" class="aligncenter size-large wp-image-9547" src="https://aeroviarios.org.br/wp-content/uploads/2018/08/IMG_6174-2-1024x683.jpg" alt="" width="702" height="468" /></p>
<p><img loading="lazy" decoding="async" class="aligncenter size-large wp-image-9548" src="https://aeroviarios.org.br/wp-content/uploads/2018/08/IMG_6177-2-1024x683.jpg" alt="" width="702" height="468" /></p>
<h3>Churrasqueira</h3>
<p>A churrasqueira tem capacidade para 30 pessoas e é equipada com mesa de sinuca, freezer horizontal e vertical, televisão e fogão. Este espaço é reservado para reuniões de setores para discutir assuntos de interesse da categoria.</p>
<p><img loading="lazy" decoding="async" class="aligncenter size-large wp-image-9531" src="https://aeroviarios.org.br/wp-content/uploads/2018/08/IMG_6164-1024x683.jpg" alt="" width="702" height="468" /></p>
<p><img loading="lazy" decoding="async" class="aligncenter size-large wp-image-9532" src="https://aeroviarios.org.br/wp-content/uploads/2018/08/IMG_6168-1024x683.jpg" alt="" width="702" height="468" /></p>
<h3>Estacionamento</h3>
<p>O Sindicato oferece um amplo estacionamento, com parte coberta e ao ar livre. Na parte coberta, é possível a montagem de brinquedos para festas infantis ou a organização de mesas mesmo em dias de chuva. Caso o espaço seja utilizado para esses fins, é possível estacionar os carros no estacionamento ao lado do Sindicato por um preço especial, através de convênio.</p>
<p><img loading="lazy" decoding="async" class="alignnone wp-image-12032 size-large" src="https://aeroviarios.org.br/wp-content/uploads/2022/04/IMG_6135-1024x683.jpg" alt="" width="702" height="468" /></p>
<p><img loading="lazy" decoding="async" class="alignnone wp-image-12033 size-large" src="https://aeroviarios.org.br/wp-content/uploads/2022/04/IMG_6140-1024x683.jpg" alt="" width="702" height="468" /></p>
<figure id="attachment_12034" aria-describedby="caption-attachment-12034" style="width: 702px" class="wp-caption alignnone"><img loading="lazy" decoding="async" class="wp-image-12034 size-large" src="https://aeroviarios.org.br/wp-content/uploads/2022/04/IMG_6152-1024x683.jpg" alt="" width="702" height="468" /><figcaption id="caption-attachment-12034" class="wp-caption-text">Estacionamento ao lado do Sindicato possui convênio com preços especiais.</figcaption></figure>

<p>A sede do Sindicato tem dois espaços para festas, um salão de maior porte e uma churrasqueira com menor capacidade. A agenda de locação abre com quatro meses de antecedência, sendo que a confirmação do aluguel só pode ser efetivada presencialmente na sede do Sindicato mediante caução, de segunda à sexta-feira, das 9h às 17h.</p>
