{"id":8725,"date":"2017-11-21T17:23:14","date_gmt":"2017-11-21T17:23:14","guid":{"rendered":"http:\/\/aeroviarios.org.br\/?page_id=8725"},"modified":"2025-10-19T15:14:51","modified_gmt":"2025-10-19T18:14:51","slug":"especiais","status":"publish","type":"page","link":"https:\/\/aeroviarios.org.br\/index.php\/especiais\/","title":{"rendered":"Especiais"},"content":{"rendered":"<p>Est\u00e1 \u00e9 a se\u00e7\u00e3o dos materiais especiais do Sindicato dos Aerovi\u00e1rios de Porto Alegre. Aqui \u00e9 poss\u00edvel acessar a vers\u00e3o completa de cada uma dessas edi\u00e7\u00f5es.<\/p>\n<h1 style=\"text-align: center;\"><strong>Retrospectiva 2023<\/strong><\/h1>\n<p><a href=\"https:\/\/aeroviarios.org.br\/wp-content\/uploads\/2024\/04\/Retrospectiva-2023-do-Sindicato-dos-Aerovi%C3%A1rios-de-Porto-Alegre-web.jpg\"><img fetchpriority=\"high\" decoding=\"async\" class=\"alignnone size-large wp-image-13567\" src=\"https:\/\/aeroviarios.org.br\/wp-content\/uploads\/2024\/04\/Retrospectiva-2023-do-Sindicato-dos-Aerovi%C3%A1rios-de-Porto-Alegre-web-808x1024.jpg\" alt=\"\" width=\"702\" height=\"890\" \/><\/a><\/p>\n<p>Finalizado no final do ano de 2023, esse especial faz um resumo das atividades da entidade em suas diversas \u00e1reas de atua\u00e7\u00e3o. <a href=\"https:\/\/aeroviarios.org.br\/wp-content\/uploads\/2024\/04\/Retrospectiva-2023-do-Sindicato-dos-Aerovi%C3%A1rios-de-Porto-Alegre-web-1.pdf\" target=\"_blank\" rel=\"noopener noreferrer\">Clique aqui para fazer o download do especial.<\/a><\/p>\n<h1 style=\"text-align: center;\"><strong>Dia do Aerovi\u00e1rio<\/strong><img decoding=\"async\" class=\"aligncenter wp-image-9356 size-large\" src=\"https:\/\/aeroviarios.org.br\/wp-content\/uploads\/2017\/11\/jornal-poa-diadoaeroviario-22062018-final-web-2-1-816x1024.jpg\" alt=\"\" width=\"702\" height=\"881\" \/><\/h1>\n<p>Este especial feito para o dia 22 de junho, Dia do Aerovi\u00e1rio, traz entrevistas com aerovi\u00e1rios de diversas empresas do setor como TAP ME, Gol, Latam, Azul e Avianca. Entre as perguntas feitas aos trabalhadores, um desejo especial para a data e o que h\u00e1 de melhor em trabalhar na avia\u00e7\u00e3o est\u00e3o entre elas. <a href=\"https:\/\/aeroviarios.org.br\/wp-content\/uploads\/2017\/11\/jornal-poa-diadoaeroviario-22062018-final-web-2.pdf\">Clique aqui<\/a> para acessar o material na \u00edntegra.<\/p>\n<h1 style=\"text-align: center;\"><em><strong>Dia em mem\u00f3ria \u00e0s v\u00edtimas de acidentes e doen\u00e7as relacionadas ao Trabalho<\/strong><\/em><\/h1>\n<p style=\"text-align: center;\"><img decoding=\"async\" class=\"aligncenter wp-image-9354 size-large\" src=\"https:\/\/aeroviarios.org.br\/wp-content\/uploads\/2017\/11\/JORNAL-28-DE-ABRIL-3-1-819x1024.jpg\" alt=\"\" width=\"702\" height=\"878\" \/><\/p>\n<p>Data muito importante para o mundo do Trabalho, o Dia em mem\u00f3ria \u00e0s v\u00edtimas de acidentes e doen\u00e7as relacionadas ao Trabalho deste ano teve um material focado nos feitos da Reforma Trabalhista e todas as mudan\u00e7as por ela provocadas.\u00a0<a href=\"https:\/\/aeroviarios.org.br\/wp-content\/uploads\/2017\/11\/JORNAL-28-DE-ABRIL-3.pdf\">Clique aqui<\/a> para acessar o material na \u00edntegra.<\/p>\n<h1 style=\"text-align: center;\"><strong>Jornal de retrospectiva Jur\u00eddica<\/strong><\/h1>\n<p><img loading=\"lazy\" decoding=\"async\" class=\"aligncenter wp-image-9355 size-large\" src=\"https:\/\/aeroviarios.org.br\/wp-content\/uploads\/2017\/11\/juridico-final-PRINT-1-730x1024.jpg\" alt=\"\" width=\"702\" height=\"985\" \/><\/p>\n<p>Neste boletim especial, o aerovi\u00e1rio pode conferir empresa por empresa as vitorias jur\u00eddicas conquistadas pelo Sindicato nos \u00faltimos anos. De 2007 a 2017 foram mais de 8 milh\u00f5es pagos aos trabalhadores.\u00a0<a href=\"https:\/\/aeroviarios.org.br\/wp-content\/uploads\/2017\/11\/juridico-final-PRINT.pdf\">Clique aqui<\/a> para acessar o material na \u00edntegra.<\/p>\n<h1 style=\"text-align: center;\"><strong>Dia Internacional da Mulher<\/strong><\/h1>\n<p><img loading=\"lazy\" decoding=\"async\" class=\"aligncenter size-large wp-image-9363\" src=\"https:\/\/aeroviarios.org.br\/wp-content\/uploads\/2017\/11\/jornal-mulheres-2018-poa-2-1-1-810x1024.jpg\" alt=\"\" width=\"702\" height=\"887\" \/><\/p>\n<p>O boletim do Dia Internacional da Mulher \u00e9 tradi\u00e7\u00e3o do Sindicato. Ass\u00e9dio moral, doen\u00e7as relacionadas ao trabalho e a hist\u00f3ria desse dia t\u00e3o importante s\u00e3o alguns dos assuntos tratados nesse material especial.\u00a0<a href=\"https:\/\/aeroviarios.org.br\/wp-content\/uploads\/2017\/11\/jornal-mulheres-2018-poa-2-1.pdf\">Clique aqui<\/a> para acessar o material na \u00edntegra.<\/p>\n","protected":false},"excerpt":{"rendered":"<p>Est\u00e1 \u00e9 a se\u00e7\u00e3o dos materiais especiais do Sindicato dos Aerovi\u00e1rios de Porto Alegre. Aqui \u00e9 poss\u00edvel acessar a vers\u00e3o completa de cada uma dessas edi\u00e7\u00f5es. Retrospectiva 2023 Finalizado no final do ano de 2023, esse especial faz um resumo das atividades da entidade em suas diversas \u00e1reas de atua\u00e7\u00e3o. Clique aqui para fazer o<\/p>\n","protected":false},"author":2,"featured_media":0,"parent":0,"menu_order":0,"comment_status":"closed","ping_status":"closed","template":"","meta":{"footnotes":""},"class_list":["post-8725","page","type-page","status-publish"],"_links":{"self":[{"href":"https:\/\/aeroviarios.org.br\/index.php\/wp-json\/wp\/v2\/pages\/8725","targetHints":{"allow":["GET"]}}],"collection":[{"href":"https:\/\/aeroviarios.org.br\/index.php\/wp-json\/wp\/v2\/pages"}],"about":[{"href":"https:\/\/aeroviarios.org.br\/index.php\/wp-json\/wp\/v2\/types\/page"}],"author":[{"embeddable":true,"href":"https:\/\/aeroviarios.org.br\/index.php\/wp-json\/wp\/v2\/users\/2"}],"replies":[{"embeddable":true,"href":"https:\/\/aeroviarios.org.br\/index.php\/wp-json\/wp\/v2\/comments?post=8725"}],"version-history":[{"count":1,"href":"https:\/\/aeroviarios.org.br\/index.php\/wp-json\/wp\/v2\/pages\/8725\/revisions"}],"predecessor-version":[{"id":14957,"href":"https:\/\/aeroviarios.org.br\/index.php\/wp-json\/wp\/v2\/pages\/8725\/revisions\/14957"}],"wp:attachment":[{"href":"https:\/\/aeroviarios.org.br\/index.php\/wp-json\/wp\/v2\/media?parent=8725"}],"curies":[{"name":"wp","href":"https:\/\/api.w.org\/{rel}","templated":true}]}}